{"id":44,"date":"2024-06-03T21:45:15","date_gmt":"2024-06-04T00:45:15","guid":{"rendered":"https:\/\/doe.ibratec.org.br\/?page_id=44"},"modified":"2024-06-03T22:50:30","modified_gmt":"2024-06-04T01:50:30","slug":"home","status":"publish","type":"page","link":"https:\/\/doe.ibratec.org.br\/","title":{"rendered":"Home"},"content":{"rendered":"<div id='av-layout-grid-1'  class='av-layout-grid-container av-1jmqg-da76f47200a1d737fbb7ba5c47316516 entry-content-wrapper main_color av-flex-cells  avia-builder-el-0  avia-builder-el-no-sibling  av-cell-min-height av-cell-min-height-100  container_wrap sidebar_right'   data-av_minimum_height_pc='100'>\n\n<style type=\"text\/css\" data-created_by=\"avia_inline_auto\" id=\"style-css-av-lwzp3686-c362eb527488938c345ad28ebb8f90d2\">\n.flex_cell.av-lwzp3686-c362eb527488938c345ad28ebb8f90d2{\nvertical-align:middle;\nbackground:url(https:\/\/doe.ibratec.org.br\/wp-content\/uploads\/2024\/06\/ibratec-img-doe-1.jpeg) 50% 50% no-repeat scroll ;\n}\n<\/style>\n<div class='flex_cell av-lwzp3686-c362eb527488938c345ad28ebb8f90d2 av-gridrow-cell av_one_half no_margin  avia-builder-el-1  el_before_av_cell_one_half  avia-builder-el-first  avia-full-stretch'  ><div class='flex_cell_inner'><\/div><\/div><div class='flex_cell av-yp9g-5a085a0a503ce124354d8d5d095de272 av-gridrow-cell av_one_half no_margin  avia-builder-el-2  el_after_av_cell_one_half  avia-builder-el-last '  ><div class='flex_cell_inner'><p>\n<style type=\"text\/css\" data-created_by=\"avia_inline_auto\" id=\"style-css-av-lwzok7b6-54274e1bf749e2426f4cc1ac17f37ad9\">\n#top .av-special-heading.av-lwzok7b6-54274e1bf749e2426f4cc1ac17f37ad9{\npadding-bottom:10px;\n}\nbody .av-special-heading.av-lwzok7b6-54274e1bf749e2426f4cc1ac17f37ad9 .av-special-heading-tag .heading-char{\nfont-size:25px;\n}\n.av-special-heading.av-lwzok7b6-54274e1bf749e2426f4cc1ac17f37ad9 .av-subheading{\nfont-size:15px;\n}\n<\/style>\n<div  class='av-special-heading av-lwzok7b6-54274e1bf749e2426f4cc1ac17f37ad9 av-special-heading-h2 blockquote modern-quote modern-centered  avia-builder-el-3  el_before_av_textblock  avia-builder-el-first '><h2 class='av-special-heading-tag'  itemprop=\"headline\"  >Contribua para a melhor qualidade de vida para pessoas com problemas de mobilidade.<\/h2><div class=\"special-heading-border\"><div class=\"special-heading-inner-border\"><\/div><\/div><\/div><br \/>\n<section  class='av_textblock_section av-lwzpftsi-27df889667197ef5565ba7f53a03f97f '   itemscope=\"itemscope\" itemtype=\"https:\/\/schema.org\/CreativeWork\" ><div class='avia_textblock'  itemprop=\"text\" ><p style=\"text-align: justify;\">Cada contribui\u00e7\u00e3o \u00e0 Ibratec \u00e9 um passo vital para restaurar a mobilidade e a esperan\u00e7a de quem enfrenta desafios desde um AVC, acidentes ou condi\u00e7\u00f5es de nascen\u00e7a. Suas doa\u00e7\u00f5es alcan\u00e7am pessoas em todo o Brasil, devolvendo-lhes a alegria e a independ\u00eancia. Ajude-nos a fazer essa diferen\u00e7a. <strong>Sua generosidade transforma vidas.<\/strong><\/p>\n<\/div><\/section><br \/>\n\n<style type=\"text\/css\" data-created_by=\"avia_inline_auto\" id=\"style-css-av-lwzphyer-4e5008aef4972a493a5bf78d6c177690\">\n#top .hr.hr-invisible.av-lwzphyer-4e5008aef4972a493a5bf78d6c177690{\nheight:30px;\n}\n<\/style>\n<div  class='hr av-lwzphyer-4e5008aef4972a493a5bf78d6c177690 hr-invisible  avia-builder-el-5  el_after_av_textblock  el_before_av_textblock '><span class='hr-inner '><span class=\"hr-inner-style\"><\/span><\/span><\/div><br \/>\n\n<style type=\"text\/css\" data-created_by=\"avia_inline_auto\" id=\"style-css-av-lwzpgipm-27b4b16312efacf9a2008ca6e340fedd\">\n#top .av_textblock_section.av-lwzpgipm-27b4b16312efacf9a2008ca6e340fedd .avia_textblock{\nfont-size:20px;\n}\n<\/style>\n<section  class='av_textblock_section av-lwzpgipm-27b4b16312efacf9a2008ca6e340fedd '   itemscope=\"itemscope\" itemtype=\"https:\/\/schema.org\/CreativeWork\" ><div class='avia_textblock'  itemprop=\"text\" ><p style=\"text-align: center;\"><strong>Escolha um valor para doa\u00e7\u00e3o espont\u00e2nea:<\/strong><\/p>\n<\/div><\/section><br \/>\n\n<style type=\"text\/css\" data-created_by=\"avia_inline_auto\" id=\"style-css-av-lwzqcuuf-c0d81a48b0bc489afed22b76277b033a\">\n.avia-buttonrow-wrap.av-lwzqcuuf-c0d81a48b0bc489afed22b76277b033a .avia-button{\nfont-size:20px;\npadding:15px 30px 15px 30px;\n}\n<\/style>\n<div  class='avia-buttonrow-wrap av-lwzqcuuf-c0d81a48b0bc489afed22b76277b033a avia-buttonrow-center  avia-builder-el-7  el_after_av_textblock  el_before_av_textblock '>\n\n<style type=\"text\/css\" data-created_by=\"avia_inline_auto\" id=\"style-css-av-lwzqclsr-34482f3ba139e5f9b786ab53f04fef3a\">\n#top #wrap_all .avia-button.av-lwzqclsr-34482f3ba139e5f9b786ab53f04fef3a{\nmargin-bottom:20px;\nmargin-right:10px;\nmargin-left:10px;\n}\n<\/style>\n<a href='https:\/\/doe.ibratec.org.br\/?add-to-cart=11'  class='avia-button av-lwzqclsr-34482f3ba139e5f9b786ab53f04fef3a avia-icon_select-no avia-size-large av-icon-on-hover avia-color-theme-color'  ><span class='avia_iconbox_title' >R$49,90<\/span><\/a>\n\n<style type=\"text\/css\" data-created_by=\"avia_inline_auto\" id=\"style-css-av-lwzqclsr-3-9f9011c06f268062ccd5b3ca665753b9\">\n#top #wrap_all .avia-button.av-lwzqclsr-3-9f9011c06f268062ccd5b3ca665753b9{\nmargin-bottom:20px;\nmargin-right:10px;\nmargin-left:10px;\n}\n<\/style>\n<a href='https:\/\/doe.ibratec.org.br\/?add-to-cart=39'  class='avia-button av-lwzqclsr-3-9f9011c06f268062ccd5b3ca665753b9 avia-icon_select-no avia-size-large av-icon-on-hover avia-color-theme-color'  ><span class='avia_iconbox_title' >R$69,90<\/span><\/a>\n\n<style type=\"text\/css\" data-created_by=\"avia_inline_auto\" id=\"style-css-av-lwzqclsr-2-c29aaa60e5ac79ae7fd4afdae467f1dd\">\n#top #wrap_all .avia-button.av-lwzqclsr-2-c29aaa60e5ac79ae7fd4afdae467f1dd{\nmargin-bottom:20px;\nmargin-right:10px;\nmargin-left:10px;\n}\n<\/style>\n<a href='https:\/\/doe.ibratec.org.br\/?add-to-cart=55'  class='avia-button av-lwzqclsr-2-c29aaa60e5ac79ae7fd4afdae467f1dd avia-icon_select-no avia-size-large av-icon-on-hover avia-color-theme-color'  ><span class='avia_iconbox_title' >R$99,90<\/span><\/a>\n\n<style type=\"text\/css\" data-created_by=\"avia_inline_auto\" id=\"style-css-av-lwzqclsr-1-ebc29ab494886324d3afee801294240f\">\n#top #wrap_all .avia-button.av-lwzqclsr-1-ebc29ab494886324d3afee801294240f{\nmargin-bottom:20px;\nmargin-right:10px;\nmargin-left:10px;\n}\n<\/style>\n<a href='https:\/\/doe.ibratec.org.br\/?add-to-cart=56'  class='avia-button av-lwzqclsr-1-ebc29ab494886324d3afee801294240f avia-icon_select-no avia-size-large av-icon-on-hover avia-color-theme-color'  ><span class='avia_iconbox_title' >R$139,90<\/span><\/a>\n<\/div><br \/>\n<section  class='av_textblock_section av-lwzqgos0-a7cf0455b0c37403a8288f8a24b0d23b '   itemscope=\"itemscope\" itemtype=\"https:\/\/schema.org\/CreativeWork\" ><div class='avia_textblock'  itemprop=\"text\" ><p style=\"text-align: center;\"><a href=\"https:\/\/wa.me\/5548991445558?text=Ol%C3%A1%21+Gostaria+de+contribuir+com+a+Ibratec.\" target=\"_blank\" rel=\"noopener\">Para doar valores maiores clique aqui e fale com um de nossos agentes.<\/a><\/p>\n<\/div><\/section><\/p>\n<\/div><\/div><\/div>\n","protected":false},"excerpt":{"rendered":"","protected":false},"author":1,"featured_media":0,"parent":0,"menu_order":0,"comment_status":"closed","ping_status":"closed","template":"","meta":{"footnotes":""},"class_list":["post-44","page","type-page","status-publish","hentry"],"_links":{"self":[{"href":"https:\/\/doe.ibratec.org.br\/index.php?rest_route=\/wp\/v2\/pages\/44","targetHints":{"allow":["GET"]}}],"collection":[{"href":"https:\/\/doe.ibratec.org.br\/index.php?rest_route=\/wp\/v2\/pages"}],"about":[{"href":"https:\/\/doe.ibratec.org.br\/index.php?rest_route=\/wp\/v2\/types\/page"}],"author":[{"embeddable":true,"href":"https:\/\/doe.ibratec.org.br\/index.php?rest_route=\/wp\/v2\/users\/1"}],"replies":[{"embeddable":true,"href":"https:\/\/doe.ibratec.org.br\/index.php?rest_route=%2Fwp%2Fv2%2Fcomments&post=44"}],"version-history":[{"count":16,"href":"https:\/\/doe.ibratec.org.br\/index.php?rest_route=\/wp\/v2\/pages\/44\/revisions"}],"predecessor-version":[{"id":70,"href":"https:\/\/doe.ibratec.org.br\/index.php?rest_route=\/wp\/v2\/pages\/44\/revisions\/70"}],"wp:attachment":[{"href":"https:\/\/doe.ibratec.org.br\/index.php?rest_route=%2Fwp%2Fv2%2Fmedia&parent=44"}],"curies":[{"name":"wp","href":"https:\/\/api.w.org\/{rel}","templated":true}]}}